 = -c**2 - 4*c + 9. Suppose -4 - 2 = -3*f. Let a(i) = i**2 + 2*i + 3*i - 9 - f*i. Let q(v) = 4*a(v) + 3*p(v). What is q(0)?
-9
Let y(z) be the first derivative of 3*z + 36 + 2*z**2 - 1/3*z**3. What is y(4)?
3
Let y(c) = 3*c + 5. Let p = 36 - 136. Let b = p + 107. What is y(b)?
26
Let p(x) = 37*x - 13. Let i(g) = -54*g + 19. Let m(s) = 5*i(s) + 7*p(s). Calculate m(-2).
26
Suppose -j + 35 = 5*w, -3*j - 3 = -w - 2*w. Let s(m) = m**2 - 2*m**2 - 2*m + 10 + 7*m - 4. Calculate s(w).
0
Let i = 4 + -7. Let a(d) be the third derivative of -d**4/24 + 5*d**3/6 + 429*d**2. Let f be a(i). Let j(g) = g**3 - 7*g**2 - 9*g + 4. Give j(f).
-4
Suppose 13 - 5 = 4*y. Let v = y + 3. Let t(j) = j**3 - 6*j**2 + 4*j + 2. Calculate t(v).
-3
Let m(s) be the first derivative of 3*s + 10 + 1/3*s**3 + 1/4*s**4 - s**2. Let z = -5 + 2. Calculate m(z).
-9
Let c = 308 - 308. Let t(g) be the third derivative of c - 1/24*g**4 + 2*g**2 + 0*g - 7/6*g**3. Calculate t(5).
-12
Let f(o) be the second derivative of 7*o + 2*o**2 - 1/12*o**4 + 0 - 5/6*o**3. What is f(-4)?
8
Let g(v) = -17*v**2 - 13*v + 4. Let o(m) = 27*m**2 + 19*m - 6. Let i(d) = -8*g(d) - 5*o(d). Give i(-9).
-2
Let a(n) = -n**3 - 14*n**2 - 3*n - 11. Suppose 32*p + 62 = -3*k + 37*p, -k - 30 = -4*p. What is a(k)?
31
Let c(s) = s**3 - 6*s**2 - 4*s + 7. Let l be c(5). Let z = -34 - l. Let q(x) = x**2 - 4*x - 3. Determine q(z).
-3
Let a(o) = o**2 - 2*o - 4. Let s(y) = -y**2 - 14*y - 35. Let h be 0 - 1/(3/30*1). Let v be s(h). Calculate a(v).
11
Let p(t) = 2*t - 6. Suppose 2*m - 4*q - 12 = 2, 0 = 2*m + 3*q - 14. Give p(m).
8
Let p(x) = -x + 10. Let t(m) = -4*m**2 + 4 + 192*m + 3*m**2 - 195*m. Let u be t(-4). Calculate p(u).
10
Let b(d) = d**3 - 6. Suppose 4*u - 16 = -g, 3*g + u - 4 = -0*u. Suppose 0 = 2*v - 2, 2*k + 1 = v - g. Give b(k).
-6
Let x(w) = w**2 - 4*w - 9. Let j be x(6). Let z(a) = 0*a**2 - 8*a + 12*a + 2*a**2 - 1 - 8*a. Calculate z(j).
5
Let m(i) = 4*i + 2*i + 5 + i**2 - 6*i - 2*i. Let w(h) = h + 1. Let b(z) = -m(z) + 3*w(z). Calculate b(3).
4
Let m(j) be the third derivative of 0 - 1/24*j**4 - 13*j**2 + 0*j + j**3. Calculate m(7).
-1
Let s(z) be the first derivative of -z**2/2 + 8*z - 1. Suppose 3*w - 37 = -4*p, 0 = -39*w + 34*w + 6*p + 11. What is s(w)?
1
Let g be 1/((2 - 1)/(-6)). Let x(d) = d**3 + 5*d**2 - 6*d + 2. Let y be x(g). Suppose -y*v + 9 = -5*v. Let q(o) = -2*o - 2. Determine q(v).
4
Let v = 461 + -452. Let b(h) = -h**3 + 10*h**2 - 12*h + 4. What is b(v)?
-23
Let x be ((-1)/5)/((-24)/(-600)). Let d(f) = -f**2 - 4. Give d(x).
-29
Suppose 4 = i - 5*g, 4*g = -g - 5. Let k be (-10)/(-4) - i/2. Let n be (-2 + 0)/((-1)/k). Let w(m) = -m**2 + 5*m + 5. Give w(n).
-1
Let u = 2 + 6. Suppose 8*m = -2*v + 3*m - u, 16 = -4*v - 5*m. Let o = 5 + v. Let p(a) = 6*a**2 + a - 1. Determine p(o).
6
Let u(n) = -9*n**3 + 13 + 31*n**2 - 7*n**3 - 22*n**2 - 3*n + 3*n**3. Let z(j) = -7*j**3 + 5*j**2 - 2*j + 7. Let k(w) = 6*u(w) - 11*z(w). Give k(-3).
7
Let g be (-10187)/(-2004) - 10*1/2. Let a(i) be the second derivative of -3*i**2 + 0 - 2/3*i**3 + 2*i - g*i**4. What is a(-4)?
-6
Let c(n) = 3*n + 1. Let b(m) = m**3 - 9*m**2 + 8*m + 3. Let y be b(8). Suppose -2*v - y*s - 6 - 5 = 0, -4*v + 3*s = -5. Calculate c(v).
-2
Let m(a) = 10*a + 6. Let c(y) = -28*y - 17. Let l(x) = -6*c(x) - 17*m(x). Let o(w) = -3*w + 1. Let f(t) = -2*l(t) + 2*o(t). Give f(-3).
8
Let o(v) = 5*v - v**3 - 2*v**2 + 7*v**2 + 0*v**2. Let l(x) = -24 + 6*x**2 + 15 - 6*x - x**3 + 7. Let u be l(4). Give o(u).
-6
Let f = 154 + -150. Let x(o) be the third derivative of 5/24*o**f + 0 + 1/60*o**5 + 1/6*o**3 - 2*o**2 + 0*o. Determine x(-3).
-5
Let i = -91 + 91. Suppose -2*o = o - i*o. Let g(b) = b**3 + b**2 + b - 15. Calculate g(o).
-15
Let g(c) = -3*c**3 + c**2. Let q = 413 + -415. Give g(q).
28
Suppose 2 = -y - 3. Let h(s) = 25*s**2 + 20*s**2 + 25*s**2 - 71*s**2 - 6*s + 3. What is h(y)?
8
Let t(p) = -p**3 + 4*p**2 + 2*p - 1. Let f(l) = -7*l - 45. Suppose -x + 14 = -2*c + x, 0 = 3*c + 5*x + 21. Let r be f(c). What is t(r)?
7
Let p(d) = -d**2 + 6*d. Suppose 18*q - 37*q = -114. Determine p(q).
0
Let c(k) = k**2 - 11*k - 18. Let p be c(13). Let u(v) = 98*v**3 - 99*v**3 + 0 + 8*v**2 - 2. Give u(p).
-2
Suppose -6*w = 2*w + 12*w. Let k(j) be the third derivative of 0*j - 1/120*j**6 - 1/3*j**4 - 7/60*j**5 + w + 4*j**2 - 4/3*j**3. What is k(-6)?
4
Let z(w) be the third derivative of 24*w**2 + 1/6*w**3 + 1/4*w**4 + 0 + 0*w. Determine z(-2).
-11
Let s(l) be the third derivative of -3/2*l**3 + 0 - 1/60*l**5 + 0*l - 15*l**2 + 3/8*l**4. Let b(y) = y**3 - 4*y**2 + 2*y - 2. Let h be b(4). Give s(h).
9
Let x(q) be the third derivative of -q**5/60 + 13*q**3/6 - 45*q**2. Let r = -4 - -4. What is x(r)?
13
Let m(p) = -p - 1. Let a(l) = 12*l - 10. Let g(u) = -a(u) + 10*m(u). Let j(v) = 7*v. Let d(b) = -2*g(b) - 7*j(b). Calculate d(-1).
5
Let k = 277 - 272. Let y(v) = -v**2 + 3*v - 6. Calculate y(k).
-16
Let n(t) = -5*t**2 + 7*t - 5. Let y(m) = 44*m - 395. Let g be y(9). Give n(g).
-3
Let j(c) = -25*c**2 - 1221 - 3*c + 1215 - 6*c**2. Let x(r) = -11*r**2 - r - 2. Let g(a) = -6*j(a) + 17*x(a). Calculate g(2).
0
Let f be (1*20)/2 + 3 + 1. Let p(m) = 3 + 6 - f + 6 + m. Calculate p(-3).
-2
Let z(b) = 2*b + 1. Let q(n) = -n**2 - 17*n + 144. Let c be q(6). Calculate z(c).
13
Let a(s) = -7*s**3 - 57*s**2 + 64*s - 7. Let z(n) = -3*n**3 - 28*n**2 + 31*n - 4. Let y(h) = 4*a(h) - 9*z(h). What is y(23)?
8
Let q(t) = -t**3 + 11*t**2 + 11*t + 2. Let m(d) = d**3 - 10*d**2 - 10*d - 2. Let f(h) = 5*m(h) + 4*q(h). Calculate f(5).
-57
Let v(d) = d + 1. Suppose -2*l = -4*c + 92, -2*c + 3*l + 14 = -40. Let g be c/14*(-8)/6. What is v(g)?
-1
Suppose -2*y = 6, -4*d - 2*y = -3*y - 15. Suppose d*h = 6*s - 2*s + 8, 3*s + 9 = 3*h. Let q(b) = b**2 - 5*b. Give q(h).
-4
Let u(c) = 0 + c**2 + 2 - 4*c - 4 - 2. Determine u(7).
17
Let x(r) be the second derivative of 1/2*r**2 + 0*r**3 - 5*r - 1/6*r**4 + 1/2*r**5 + 0. What is x(1)?
9
Let b(z) = z + 3. Let d(m) = -m**2 - 2*m + 21. Let p(y) = -2*b(y) + d(y). Give p(-5).
10
Let w be (15/35 - 13/14)*-4. Suppose -2*n - w*n - 8 = 0. Let f(v) be the first derivative of -4*v**2 - 3*v - 1. Give f(n).
13
Let g(b) = 52*b + 2 - 115*b + 67*b. Let k = -4 - -6. What is g(k)?
10
Let y(q) = 2*q**2 + 10*q + 3 + 23*q - q**2 - 30*q. Let n(u) = u - 1. Let h be n(-4). Calculate y(h).
13
Let q(d) = -d**3 - 7*d**2 + 3*d + 10. Let h be (36/6)/((-3)/16). Let v = h - -35. Let o be (3/v)/((-3)/21). Give q(o).
-11
Let g = -29 - -48. Let u = -15 + g. Let r(t) = -2 - 5*t + 5*t**2 + 5 + 0*t**2 - t**3. Determine r(u).
-1
Let z be (0 - 2)*(-11)/(-2). Let f = -14 - z. Let d(b) = -2*b**2 - 3*b + 4. Calculate d(f).
-5
Let a(b) be the first derivative of -b**4/12 + b**2 + b + 14. Let l(f) be the first derivative of a(f). Let r be ((-10)/15)/(2/(-9)). Give l(r).
-7
Let m(l) = -l**2 - l - 18. Suppose 5*r = -10*r - r. Determine m(r).
-18
Let y(k) = k**2 - 10. Suppose 12*w + 23*w + 7*w = 0. Determine y(w).
-10
Let v(k) be the third derivative of 0 - 2*k**2 + 1/12*k**4 + 0*k + 1/2*k**3 - 1/30*k**5. What is v(-2)?
-9
Let n be (-8 + 4/2)/2. Let x(c) = c**3 + 3*c**2 - 2*c + 3. Determine x(n).
9
Let p(n) = n - 7. Let k = -21 + 30. Suppose -k = -2*h + 1. Suppose 15 = g - h*x, -2*g = 2*x - 5 - 1. Calculate p(g).
-2
Let g(l) = -2 - 2*l**2 - 6 + l + 2*l**3 + 7. Let r(p) be the first derivative of p**3/3 + 4. Let x(o) = g(o) + r(o). Give x(1).
1
Let j(x) = 2*x - 2. Let v = -1 + 2. Suppose -d = v - 8. Let a be (-3)/(-1) + 0 - d. What is j(a)?
-10
Let b(v) = -v**2 + 15*v + 1. Let q(g) = g**2 - g + 2. Let h(p) = b(p) + 3*q(p). Give h(-6).
7
Let n(y) = -3*y - 3*y + 3 + y. Suppose 0*h = 5*h - 15. Let l(k) = -9*k + 5. Let j(m) = h*l(m) - 5*n(m). Give j(6).
-12
Let f(j) = -9*j - 12. Let q(m) = 20*m + 26. Let u(v) = -9*f(v) - 4*q(v). Calculate u(-2).
2
Let g(j) = j**2 + 17*j + 20. Let m be g(-16). Let d(v) be the third derivative of 5*v**2 + 1/60*v**5 + 0 + 1/2*v**3 + 0*v + 5/24*v**m. What is d(-5)?
3
Suppose 8*p - 140 = 3*p. Let k be 120/p - (-2)/(-7). Let y(r) = 3 + k - r - 2 - 4. Calculate y(4).
-3
Suppose 5*s = n + 2*s - 12, -3*s = n + 12. Suppose -3*g + 2*g - 2*v - 1 = n, 2*g + 5 = -v. Let i(b) = -b**2 - 7*b - 2. Determine i(g).
10
Suppose -5*q + 146 = -3*x, -2*x = -5*x - 2*q - 181. Let k be (-76)/x - (-38)/(-6). Let g(w) = w